 - 30, 6 = -3*t. Suppose 0 = s + 2, -y*h = 2*s - 11 - 0. Suppose -7*w = -h*w - 2164. Is w a prime number?
True
Let p be 18/81 - (-178)/9. Suppose 2*b + 4*n = -p, b = 6*b + 5*n + 35. Is (-10)/b + 2204/8 a composite number?
True
Is 58220/3 + (-153)/(-459) a composite number?
True
Let k be (-2)/3*(-9)/(-6 + 5). Let m(w) = 35*w**2 + w - 4. Let r be m(k). Let u = -609 + r. Is u a prime number?
True
Let i(n) = n**3 - 4*n**2 - 3*n + 4. Let b be i(5). Let d be (-8)/((-288)/9)*(2 + -2). Is (-2)/b + d + 301212/63 a composite number?
True
Let g = 166898 - 108631. Is g a composite number?
True
Let c(l) = -2*l - 30. Let r(z) = -3*z - 45. Let o(h) = 7*c(h) - 5*r(h). Let i be o(-12). Suppose -i*m = 5*f - 3767, 0 = m - 4. Is f prime?
True
Let d(v) = -4*v**3 - 12*v**2 + 18*v + 35. Let j be (204/(-48))/((-1)/(-4)). Is d(j) composite?
False
Let b be (-2)/10 + (-10 - 952/(-35)). Let c(q) = q**3 - 4*q**2 + 12*q - 18. Is c(b) a prime number?
True
Let o = 27 + -92. Let r = o - -101. Is r/(-9)*(-3 - (-1870)/(-4)) a composite number?
True
Suppose 8*w + 6*w = 28. Suppose w*q + 2201 = -q + 5*m, 3*m - 731 = q. Let x = q - -1174. Is x prime?
False
Let d(y) = y**3 + 9*y**2 + 10*y - 1. Suppose 4*o = -o + c + 29, 2*o = -c + 6. Let m = o + 2. Is d(m) a prime number?
True
Let i(p) = 22*p**2 - p - 120. Let m(v) = 7*v**2 - 40. Let q(u) = 3*i(u) - 8*m(u). Is q(9) a composite number?
False
Suppose 16*i = 12*i. Let q(d) = 2*d - 303. Let r be q(i). Let j = r - -434. Is j prime?
True
Let b = -22070 - -6835. Let j = -10445 - b. Suppose j = p + 4*p - 3*s, -3*p = -s - 2870. Is p a prime number?
False
Suppose p = -4*v + 6459 - 27664, 21207 = -4*v - 3*p. Let y = v + 8666. Is y prime?
False
Suppose -k - 59 = 5. Let d be (-144)/k - 2/(16/(-6)). Suppose 446 = 2*z + 3*x - 7*x, 5*z = -d*x + 1115. Is z prime?
True
Let l(c) = 9*c**2 + 40. Let i be l(-17). Is (112/(-49))/8 - i/(-7) a composite number?
True
Suppose 176*n + 139642 = 178*n. Is n a composite number?
False
Let x(m) be the third derivative of 3*m**5/20 + 5*m**4/24 + 5*m**3/6 + m**2 - 2*m. Is x(-2) a prime number?
True
Suppose -4*u + 49289 = -56567. Suppose -4*d + u = -3*o, 3*d - 2*o = 25117 - 5268. Is d a composite number?
False
Let c = 108477 + 160130. Is c prime?
True
Suppose 3*v + 3 + 3 = 0, -3*v + 570829 = -5*n. Let p be (16/20)/2 + n/5. Is (p/7)/(-3) - 12/42 prime?
True
Let g(o) = 40*o**3 + 35*o**2 + 47*o - 371. Is g(18) a composite number?
True
Let f(s) = 308*s**2 + 8*s + 3. Suppose 3*y - 40 = -k, 2*y - 22 = k + 13. Let m be 4*-1*y/30. Is f(m) composite?
True
Suppose -34*u + 42*u - 17312 = 0. Let a(b) = -6*b**3 + b**2 - 1. Let c be a(-1). Suppose 2*p + u = c*p. Is p prime?
True
Let q be 114/30 + (-4)/(-20). Suppose -3*x + m = -q*m - 3241, 2*m = 5*x - 5427. Is x prime?
True
Suppose -h - 3*x - 2374 = 0, 4*h - 3*x = -4*x - 9441. Let s = h + 10422. Is s a composite number?
True
Suppose -112 = 2*k + u + 192, 4*k + 4*u + 608 = 0. Let w be 2/(k/78 + 2). Suppose -34*m + w*m = 25435. Is m a composite number?
False
Let g(b) be the third derivative of -2245*b**4/12 - 35*b**3/6 + 44*b**2. Let x be g(7). Is (1 + 0)/(-6 + x/(-5243)) a prime number?
False
Suppose -49*n + 12 = -4*f - 54*n, f - n + 3 = 0. Let w be (-28)/(-5) + (-2)/(-5). Is 2*f/w*-1361 a composite number?
False
Let z be (6 + 6)/(2 + -1). Suppose -18*u + z = -21*u. Is (1/(-8)*u)/((-2)/(-1244)) a composite number?
False
Let o = 15504 + -9119. Suppose -13*w = -14*w + o. Is w a prime number?
False
Let f be 257118/(7 + -1) + 1 + 0. Suppose 95754 = 16*w - f. Is w a composite number?
False
Let g = -4167 - -7416. Suppose 5*f = 38854 - g. Is f a prime number?
True
Let w(p) = -1473*p + 1598. Is w(-17) a composite number?
True
Suppose 0 = 6*v - 112 - 62. Suppose -3*h = 2*h - 6380. Suppose -v*p + h = -25*p. Is p composite?
True
Let d(n) = 11*n**3 - 9*n**2 + 4*n - 11. Let s(w) = 33*w**3 - 27*w**2 + 13*w - 35. Let m(u) = -7*d(u) + 2*s(u). Is m(-6) prime?
True
Let k = 66 - 73. Let d(w) = -6*w**3 - 22*w**2 - 3*w - 2. Let o be d(k). Suppose 5*n - 5*c - 6990 = 0, -2*n - c + 1806 = -o. Is n prime?
False
Let i = -414 - -617. Let a(k) = 46*k + 6. Let j be a(9). Let d = j + i. Is d a prime number?
False
Suppose 0 = -6*v - 3*v - 0*v. Suppose v = -4*r + 2*r + 3442. Is r prime?
True
Suppose 5*x = -4*u + 284772, 15*u = 12*u - x + 213590. Suppose u = -38*r + 262224. Is r composite?
True
Suppose -5*j = -5*d - 55, -4*j + 5*d = 13 - 57. Suppose -23735 + 5330 = -3*k. Suppose -k = 6*g - j*g. Is g a prime number?
False
Let h(a) = a**3 + 3*a**2 - 4*a + 5. Let r be h(-4). Let i be 50/(-1) + (r - 1). Is (i/(-4))/((-2)/(-4)) composite?
False
Suppose -2*q - f = -646535, -15*q - 4*f = -12*q - 969805. Is q composite?
True
Suppose -m + 3*m = -o + 866, 2*o - 1742 = -2*m. Suppose 36 = 4*t + 4*i, 15*t = -4*i + 2*i + 161. Let c = o + t. Is c composite?
False
Let t be -1 + 2 - (-2 + -6). Suppose 679 = -t*h + 6988. Is h a prime number?
True
Suppose -15 = 3*h + 4*c, -4*h + 4 = -3*c - 1. Is h + 5 - (-964 + -6 + 7) a prime number?
True
Let m(h) be the first derivative of 164*h**3/3 - 19*h**2/2 + 11*h - 85. Is m(4) a prime number?
False
Suppose 9*d - 151*d = 47*d - 115109127. Is d a prime number?
True
Suppose -9*w = -3*h + 78861, 22*w = -3*h + 24*w + 78875. Is h a composite number?
False
Suppose -5*d = -3*d - 143006. Is d a prime number?
True
Let c = 638275 + -433404. Is c prime?
True
Suppose 4*i = 2*k + 14022, -3*k - 6*i - 21035 = -10*i. Let o = -3291 - k. Is o a composite number?
True
Let u = 50657 + -9342. Is u a prime number?
False
Let o(i) = -2*i - 6*i - 51 + 36 - 3*i + 224*i**2. Let l be o(-6). Suppose -30*b + 27*b = -l. Is b a prime number?
False
Let g(c) = 4*c**3 - c**2 + 6*c - 18. Let f(q) = -6*q**3 + q**2 - 6*q + 17. Let y(b) = -6*f(b) - 5*g(b). Is y(5) a prime number?
True
Let z = 102598 + -64789. Let x = z - 20356. Is x prime?
False
Suppose -267 = -2*f - 3*k + 1507, 0 = -3*k. Let u = 1534 - f. Is u a composite number?
False
Let w(f) = 7*f**3 + 4*f**2 + f - 3. Let b be w(-2). Let r = 49 + b. Suppose 5*i + 5*z = 1425, 4*i - r*z = -3*z + 1160. Is i prime?
False
Let g(w) = 160202*w**2 + 15*w - 16. Is g(1) composite?
False
Let m(b) = 16*b + 1. Let z be m(-2). Let i = z - -34. Suppose -i*t - t = -1948. Is t a prime number?
True
Let p be 69712/(-6)*(-39)/26. Suppose 5*a - a = p. Is a a prime number?
True
Is (-2 + 73092 - 0) + 21 composite?
True
Let q be -113*(-110 + (4 - 3) + 2). Let f = 17198 - q. Is f composite?
False
Let i(q) = 200*q**3 + 10*q**2 - 8*q + 157. Is i(12) a prime number?
False
Let c(x) = -5979*x + 2969. Is c(-8) prime?
False
Suppose -3*n + 16 = -11. Suppose x = 3*m + n, -4*x + 4*m = -21 + 1. Suppose -x*i + 0*i = -201. Is i prime?
True
Let f = 79156 + -50178. Is f prime?
False
Suppose 3*b - 50 = 4*x, -3*x - 32 = -2*b + 2. Let p be 70/2*(5 - (-278)/b). Suppose p = l + 163. Is l composite?
True
Let q = -67 - -69. Let b be -3 - (q - 9)/1. Suppose -2*w - 56 = b*o - 6434, -15909 = -5*w + 2*o. Is w a prime number?
False
Suppose 0 = n - 2*d + 17 - 7, 2*n - 2*d = -10. Is ((-3148)/10 - n)/((-122)/305) prime?
True
Suppose 26 = -2*t + 46. Let i(f) = 168*f**2 - 10*f - 29. Is i(t) a composite number?
True
Let l(r) = 6849*r**2 - 20*r - 9. Let q be l(-3). Suppose -q = -139*m + 127*m. Is m a composite number?
True
Let i(g) = -190*g**3 - 5*g**2 - 10*g - 61. Is i(-7) prime?
False
Let o(x) = -44365*x - 11332. Is o(-9) a prime number?
True
Let i(p) = 114133*p**3 - 3*p**2 + 2*p + 1. Is i(1) a prime number?
False
Let n(b) = b**3 - 3*b + 2. Let j be n(2). Suppose -3*w - 12 = -2*t - t, 5*w + j*t + 56 = 0. Is (-20)/w*(-124)/(-10) prime?
True
Let t be (-21836)/(-14) - -1*4/14. Suppose -7*b + t = -680. Suppose -2*i = -1818 - b. Is i prime?
True
Let f = -59748 - -308155. Is f a composite number?
False
Suppose -76 + 349 = 7*q. Let v be 1*84/q - (-2)/(-13). Suppose -f - v*f + 1347 = 0. Is f a prime number?
True
Let m(r) = -1157*r + 20. Let b be m(-7). Let n = b + 5387. Is -3*1*n/(-18) a prime number?
True
Let m be (2 + 64/(-3))*(-6 + 3). Suppose m*r - 41601 = 37*r. Is r prime?
False
Suppose 2546*b - 2500*b - 9629962 = 0. Is b composite?
False
Suppose 534*q - 292171593 - 193574354 = 143*q. Is q prime?
True
Let q be 2/(-10) - 35126/(-5). Suppose 2*z - q = y, 3*z = 2*z - 3*y + 3502. Is z composite?
False
Let s(t) = -2*t - 2. Let c(m) = 2